{"id":36,"date":"2022-06-30T16:01:53","date_gmt":"2022-06-30T12:01:53","guid":{"rendered":"http:\/\/e-bulleten.incilab.az\/?page_id=36"},"modified":"2022-06-30T16:03:48","modified_gmt":"2022-06-30T12:03:48","slug":"e-bullutun","status":"publish","type":"page","link":"https:\/\/e-bulleten.incilab.az\/","title":{"rendered":"E-B\u00dcLL\u00dcT\u00dcN"},"content":{"rendered":"<div class=\"dflip-books\"><div class=\"_df_thumb \" id=\"df_471\"  _slug=\"471\" data-title=\"mart\" wpoptions=\"true\" thumb=\"https:\/\/e-bulleten.incilab.az\/wp-content\/uploads\/2026\/04\/Screenshot-2026-04-13-133623.png\" thumbtype=\"\" >Mart<\/div><script class=\"df-shortcode-script\" nowprocket type=\"application\/javascript\">window.option_df_471 = {\"outline\":[],\"autoEnableOutline\":\"false\",\"autoEnableThumbnail\":\"false\",\"overwritePDFOutline\":\"false\",\"direction\":\"1\",\"pageSize\":\"0\",\"source\":\"https:\\\/\\\/e-bulleten.incilab.az\\\/wp-content\\\/uploads\\\/2026\\\/04\\\/Bullten_Mart_2026_compressed.pdf\",\"wpOptions\":\"true\"}; if(window.DFLIP && window.DFLIP.parseBooks){window.DFLIP.parseBooks();}<\/script><div class=\"_df_thumb \" id=\"df_467\"  _slug=\"fevral-2026\" data-title=\"fevral-2026\" wpoptions=\"true\" thumb=\"https:\/\/e-bulleten.incilab.az\/wp-content\/uploads\/2026\/03\/Screenshot-2026-03-06-103048.png\" thumbtype=\"\" >Fevral 2026<\/div><script class=\"df-shortcode-script\" nowprocket type=\"application\/javascript\">window.option_df_467 = {\"outline\":[],\"autoEnableOutline\":\"false\",\"autoEnableThumbnail\":\"false\",\"overwritePDFOutline\":\"false\",\"direction\":\"1\",\"pageSize\":\"0\",\"source\":\"https:\\\/\\\/e-bulleten.incilab.az\\\/wp-content\\\/uploads\\\/2026\\\/03\\\/Bullten_Fevral_2026.pdf\",\"wpOptions\":\"true\"}; if(window.DFLIP && window.DFLIP.parseBooks){window.DFLIP.parseBooks();}<\/script><div class=\"_df_thumb \" id=\"df_463\"  _slug=\"yanvar\" data-title=\"yanvar\" wpoptions=\"true\" thumb=\"https:\/\/e-bulleten.incilab.az\/wp-content\/uploads\/2026\/02\/Screenshot-2026-02-05-095835.png\" thumbtype=\"\" >Yanvar<\/div><script class=\"df-shortcode-script\" nowprocket type=\"application\/javascript\">window.option_df_463 = {\"outline\":[],\"autoEnableOutline\":\"false\",\"autoEnableThumbnail\":\"false\",\"overwritePDFOutline\":\"false\",\"direction\":\"1\",\"pageSize\":\"0\",\"source\":\"https:\\\/\\\/e-bulleten.incilab.az\\\/wp-content\\\/uploads\\\/2026\\\/02\\\/Bullten_Yanvar_2026.pdf\",\"wpOptions\":\"true\"}; if(window.DFLIP && window.DFLIP.parseBooks){window.DFLIP.parseBooks();}<\/script><div class=\"_df_thumb \" id=\"df_459\"  _slug=\"dekabr\" data-title=\"dekabr\" wpoptions=\"true\" thumb=\"https:\/\/e-bulleten.incilab.az\/wp-content\/uploads\/2026\/01\/Screenshot-2026-01-27-160356.png\" thumbtype=\"\" >dekabr<\/div><script class=\"df-shortcode-script\" nowprocket type=\"application\/javascript\">window.option_df_459 = {\"outline\":[],\"autoEnableOutline\":\"false\",\"autoEnableThumbnail\":\"false\",\"overwritePDFOutline\":\"false\",\"direction\":\"1\",\"pageSize\":\"0\",\"source\":\"https:\\\/\\\/e-bulleten.incilab.az\\\/wp-content\\\/uploads\\\/2026\\\/01\\\/Bullten_Dekabr_2025.pdf\",\"wpOptions\":\"true\"}; if(window.DFLIP && window.DFLIP.parseBooks){window.DFLIP.parseBooks();}<\/script><div class=\"_df_thumb \" id=\"df_450\"  _slug=\"450\" data-title=\"noyabr-2025\" wpoptions=\"true\" thumb=\"https:\/\/e-bulleten.incilab.az\/wp-content\/uploads\/2025\/12\/Screenshot-2025-12-15-155744.png\" thumbtype=\"\" >Noyabr 2025<\/div><script class=\"df-shortcode-script\" nowprocket type=\"application\/javascript\">window.option_df_450 = {\"outline\":[],\"autoEnableOutline\":\"false\",\"autoEnableThumbnail\":\"false\",\"overwritePDFOutline\":\"false\",\"direction\":\"1\",\"pageSize\":\"0\",\"source\":\"https:\\\/\\\/e-bulleten.incilab.az\\\/wp-content\\\/uploads\\\/2025\\\/12\\\/Bullten_Noyabr_2025_Veb_SONUNCU.pdf\",\"wpOptions\":\"true\"}; if(window.DFLIP && window.DFLIP.parseBooks){window.DFLIP.parseBooks();}<\/script><div class=\"_df_thumb \" id=\"df_446\"  _slug=\"oktyabr-sayi\" data-title=\"oktyabr-sayi\" wpoptions=\"true\" thumb=\"https:\/\/e-bulleten.incilab.az\/wp-content\/uploads\/2025\/11\/Screenshot-2025-11-05-114156.png\" thumbtype=\"\" >Oktyabr say\u0131<\/div><script class=\"df-shortcode-script\" nowprocket type=\"application\/javascript\">window.option_df_446 = {\"outline\":[],\"autoEnableOutline\":\"false\",\"autoEnableThumbnail\":\"false\",\"overwritePDFOutline\":\"false\",\"direction\":\"1\",\"pageSize\":\"0\",\"source\":\"https:\\\/\\\/e-bulleten.incilab.az\\\/wp-content\\\/uploads\\\/2025\\\/11\\\/Bullten_Oktyabr_2025.pdf\",\"wpOptions\":\"true\"}; if(window.DFLIP && window.DFLIP.parseBooks){window.DFLIP.parseBooks();}<\/script><div class=\"_df_thumb \" id=\"df_439\"  _slug=\"sentyabr\" data-title=\"sentyabr\" wpoptions=\"true\" thumb=\"https:\/\/e-bulleten.incilab.az\/wp-content\/uploads\/2025\/10\/Screenshot-2025-10-01-163222.png\" thumbtype=\"\" >Sentyabr<\/div><script class=\"df-shortcode-script\" nowprocket type=\"application\/javascript\">window.option_df_439 = {\"outline\":[],\"autoEnableOutline\":\"false\",\"autoEnableThumbnail\":\"false\",\"overwritePDFOutline\":\"false\",\"direction\":\"1\",\"pageSize\":\"0\",\"source\":\"https:\\\/\\\/e-bulleten.incilab.az\\\/wp-content\\\/uploads\\\/2025\\\/10\\\/Bullten_Sentyabr_2025-1.pdf\",\"wpOptions\":\"true\"}; if(window.DFLIP && window.DFLIP.parseBooks){window.DFLIP.parseBooks();}<\/script><div class=\"_df_thumb \" id=\"df_435\"  _slug=\"may-iyun\" data-title=\"may-iyun\" wpoptions=\"true\" thumb=\"https:\/\/e-bulleten.incilab.az\/wp-content\/uploads\/2025\/07\/Screenshot-2025-07-24-123529.png\" thumbtype=\"\" >May-Iyun<\/div><script class=\"df-shortcode-script\" nowprocket type=\"application\/javascript\">window.option_df_435 = {\"outline\":[],\"autoEnableOutline\":\"false\",\"autoEnableThumbnail\":\"false\",\"overwritePDFOutline\":\"false\",\"direction\":\"1\",\"pageSize\":\"0\",\"source\":\"https:\\\/\\\/e-bulleten.incilab.az\\\/wp-content\\\/uploads\\\/2025\\\/07\\\/Bullten.pdf\",\"wpOptions\":\"true\"}; if(window.DFLIP && window.DFLIP.parseBooks){window.DFLIP.parseBooks();}<\/script><div class=\"_df_thumb \" id=\"df_429\"  _slug=\"mart-apre\" data-title=\"mart-apre\" wpoptions=\"true\" thumb=\"https:\/\/e-bulleten.incilab.az\/wp-content\/uploads\/2025\/05\/Screenshot-2025-05-01-163849.png\" thumbtype=\"\" >Mart-Apre<\/div><script class=\"df-shortcode-script\" nowprocket type=\"application\/javascript\">window.option_df_429 = {\"outline\":[],\"autoEnableOutline\":\"false\",\"autoEnableThumbnail\":\"false\",\"overwritePDFOutline\":\"false\",\"direction\":\"1\",\"pageSize\":\"0\",\"source\":\"https:\\\/\\\/e-bulleten.incilab.az\\\/wp-content\\\/uploads\\\/2025\\\/05\\\/Bullten_Mart-Aprel.pdf\",\"wpOptions\":\"true\"}; if(window.DFLIP && window.DFLIP.parseBooks){window.DFLIP.parseBooks();}<\/script><div class=\"_df_thumb \" id=\"df_425\"  _slug=\"yanvar-fevral-sayi\" data-title=\"yanvar-fevral-sayi\" wpoptions=\"true\" thumb=\"https:\/\/e-bulleten.incilab.az\/wp-content\/uploads\/2025\/02\/2025-02.png\" thumbtype=\"\" >Yanvar-Fevral say\u0131<\/div><script class=\"df-shortcode-script\" nowprocket type=\"application\/javascript\">window.option_df_425 = {\"outline\":[],\"autoEnableOutline\":\"false\",\"autoEnableThumbnail\":\"false\",\"overwritePDFOutline\":\"false\",\"direction\":\"1\",\"pageSize\":\"0\",\"source\":\"https:\\\/\\\/e-bulleten.incilab.az\\\/wp-content\\\/uploads\\\/2025\\\/02\\\/Bullten_Yanvar.pdf\",\"wpOptions\":\"true\"}; if(window.DFLIP && window.DFLIP.parseBooks){window.DFLIP.parseBooks();}<\/script><div class=\"_df_thumb \" id=\"df_420\"  _slug=\"420\" data-title=\"dekabr\" wpoptions=\"true\" thumb=\"https:\/\/e-bulleten.incilab.az\/wp-content\/uploads\/2025\/01\/2025-01-06.png\" thumbtype=\"\" >Dekabr<\/div><script class=\"df-shortcode-script\" nowprocket type=\"application\/javascript\">window.option_df_420 = {\"outline\":[],\"autoEnableOutline\":\"false\",\"autoEnableThumbnail\":\"false\",\"overwritePDFOutline\":\"false\",\"direction\":\"1\",\"pageSize\":\"0\",\"source\":\"https:\\\/\\\/e-bulleten.incilab.az\\\/wp-content\\\/uploads\\\/2025\\\/01\\\/Bullten_Noyabr-Dekabr.pdf\",\"wpOptions\":\"true\"}; if(window.DFLIP && window.DFLIP.parseBooks){window.DFLIP.parseBooks();}<\/script><div class=\"_df_thumb \" id=\"df_416\"  _slug=\"oktyabr\" data-title=\"oktyabr\" wpoptions=\"true\" thumb=\"https:\/\/e-bulleten.incilab.az\/wp-content\/uploads\/2024\/12\/2024-12-12-.png\" thumbtype=\"\" >Oktyabr<\/div><script class=\"df-shortcode-script\" nowprocket type=\"application\/javascript\">window.option_df_416 = {\"outline\":[],\"autoEnableOutline\":\"false\",\"autoEnableThumbnail\":\"false\",\"overwritePDFOutline\":\"false\",\"direction\":\"1\",\"pageSize\":\"0\",\"source\":\"https:\\\/\\\/e-bulleten.incilab.az\\\/wp-content\\\/uploads\\\/2024\\\/12\\\/Bullten_Sentyabr_Oktyabr.pdf\",\"wpOptions\":\"true\"}; if(window.DFLIP && window.DFLIP.parseBooks){window.DFLIP.parseBooks();}<\/script><div class=\"_df_thumb \" id=\"df_411\"  _slug=\"411\" data-title=\"\" wpoptions=\"true\" thumb=\"https:\/\/e-bulleten.incilab.az\/wp-content\/uploads\/2024\/09\/Avgus-Iyul.png\" thumbtype=\"\" >Open Book<\/div><script class=\"df-shortcode-script\" nowprocket type=\"application\/javascript\">window.option_df_411 = {\"outline\":[],\"autoEnableOutline\":\"false\",\"autoEnableThumbnail\":\"false\",\"overwritePDFOutline\":\"false\",\"direction\":\"1\",\"pageSize\":\"0\",\"source\":\"https:\\\/\\\/e-bulleten.incilab.az\\\/wp-content\\\/uploads\\\/2024\\\/09\\\/Bullten_iuil-avqust.pdf\",\"wpOptions\":\"true\"}; if(window.DFLIP && window.DFLIP.parseBooks){window.DFLIP.parseBooks();}<\/script><div class=\"_df_thumb \" id=\"df_407\"  _slug=\"407\" data-title=\"\" wpoptions=\"true\" thumb=\"http:\/\/e-bulleten.incilab.az\/wp-content\/uploads\/2024\/08\/inci.png\" thumbtype=\"\" >Open Book<\/div><script class=\"df-shortcode-script\" nowprocket type=\"application\/javascript\">window.option_df_407 = {\"outline\":[],\"autoEnableOutline\":\"false\",\"autoEnableThumbnail\":\"false\",\"overwritePDFOutline\":\"false\",\"direction\":\"1\",\"pageSize\":\"0\",\"source\":\"http:\\\/\\\/e-bulleten.incilab.az\\\/wp-content\\\/uploads\\\/2024\\\/08\\\/Bullten_May-iyun.pdf\",\"wpOptions\":\"true\"}; if(window.DFLIP && window.DFLIP.parseBooks){window.DFLIP.parseBooks();}<\/script><div class=\"_df_thumb \" id=\"df_403\"  _slug=\"403\" data-title=\"\" wpoptions=\"true\" thumb=\"http:\/\/e-bulleten.incilab.az\/wp-content\/uploads\/2024\/06\/mart.png\" thumbtype=\"\" >Open Book<\/div><script class=\"df-shortcode-script\" nowprocket type=\"application\/javascript\">window.option_df_403 = {\"outline\":[],\"autoEnableOutline\":\"false\",\"autoEnableThumbnail\":\"false\",\"overwritePDFOutline\":\"false\",\"direction\":\"1\",\"pageSize\":\"0\",\"source\":\"http:\\\/\\\/e-bulleten.incilab.az\\\/wp-content\\\/uploads\\\/2024\\\/06\\\/Bullten_Mart-Aprel-1.pdf\",\"wpOptions\":\"true\"}; if(window.DFLIP && window.DFLIP.parseBooks){window.DFLIP.parseBooks();}<\/script><div class=\"_df_thumb \" id=\"df_399\"  _slug=\"399\" data-title=\"\" wpoptions=\"true\" thumb=\"http:\/\/e-bulleten.incilab.az\/wp-content\/uploads\/2024\/05\/incilab-1.jpg\" thumbtype=\"\" >Open Book<\/div><script class=\"df-shortcode-script\" nowprocket type=\"application\/javascript\">window.option_df_399 = {\"outline\":[],\"autoEnableOutline\":\"false\",\"autoEnableThumbnail\":\"false\",\"overwritePDFOutline\":\"false\",\"direction\":\"1\",\"pageSize\":\"0\",\"source\":\"http:\\\/\\\/e-bulleten.incilab.az\\\/wp-content\\\/uploads\\\/2024\\\/05\\\/Bullten_Yanvar_Fevral.pdf\",\"wpOptions\":\"true\"}; if(window.DFLIP && window.DFLIP.parseBooks){window.DFLIP.parseBooks();}<\/script><div class=\"_df_thumb \" id=\"df_383\"  _slug=\"bullten_noyabr-dekabr\" data-title=\"bullten_noyabr-dekabr\" wpoptions=\"true\" thumb=\"http:\/\/e-bulleten.incilab.az\/wp-content\/uploads\/2024\/03\/1.png\" thumbtype=\"\" >Bullten_Noyabr-Dekabr<\/div><script class=\"df-shortcode-script\" nowprocket type=\"application\/javascript\">window.option_df_383 = {\"outline\":[],\"autoEnableOutline\":\"false\",\"autoEnableThumbnail\":\"false\",\"overwritePDFOutline\":\"false\",\"direction\":\"1\",\"pageSize\":\"0\",\"source\":\"http:\\\/\\\/e-bulleten.incilab.az\\\/wp-content\\\/uploads\\\/2024\\\/03\\\/Bullten_Noyabr-Dekabr.pdf\",\"wpOptions\":\"true\"}; if(window.DFLIP && window.DFLIP.parseBooks){window.DFLIP.parseBooks();}<\/script><div class=\"_df_thumb \" id=\"df_378\"  _slug=\"378\" data-title=\"bullten_sentyabr_oktyabr\" wpoptions=\"true\" thumb=\"http:\/\/e-bulleten.incilab.az\/wp-content\/uploads\/2024\/03\/e-bulleten.png\" thumbtype=\"\" >Bullten_sentyabr_Oktyabr<\/div><script class=\"df-shortcode-script\" nowprocket type=\"application\/javascript\">window.option_df_378 = {\"outline\":[],\"autoEnableOutline\":\"false\",\"autoEnableThumbnail\":\"false\",\"overwritePDFOutline\":\"false\",\"direction\":\"1\",\"pageSize\":\"0\",\"source\":\"http:\\\/\\\/e-bulleten.incilab.az\\\/wp-content\\\/uploads\\\/2024\\\/03\\\/Bullten_sentyabr_Oktyabr.pdf\",\"wpOptions\":\"true\"}; if(window.DFLIP && window.DFLIP.parseBooks){window.DFLIP.parseBooks();}<\/script><div class=\"_df_thumb \" id=\"df_344\"  _slug=\"344\" data-title=\"iyul-avgust\" wpoptions=\"true\" thumb=\"http:\/\/e-bulleten.incilab.az\/wp-content\/uploads\/2023\/08\/Iyul-Avgust-1-scaled.jpg\" thumbtype=\"\" >Iyul-Avgust<\/div><script class=\"df-shortcode-script\" nowprocket type=\"application\/javascript\">window.option_df_344 = {\"outline\":[],\"autoEnableOutline\":\"false\",\"autoEnableThumbnail\":\"false\",\"overwritePDFOutline\":\"false\",\"direction\":\"1\",\"pageSize\":\"0\",\"source\":\"http:\\\/\\\/e-bulleten.incilab.az\\\/wp-content\\\/uploads\\\/2023\\\/08\\\/Iyul-Avgust.pdf\",\"wpOptions\":\"true\"}; if(window.DFLIP && window.DFLIP.parseBooks){window.DFLIP.parseBooks();}<\/script><div class=\"_df_thumb \" id=\"df_316\"  _slug=\"316\" data-title=\"\" wpoptions=\"true\" thumb=\"http:\/\/e-bulleten.incilab.az\/wp-content\/uploads\/2023\/06\/Bullten_May-iyun_-1-scaled.jpg\" thumbtype=\"\" >Open Book<\/div><script class=\"df-shortcode-script\" nowprocket type=\"application\/javascript\">window.option_df_316 = {\"outline\":[],\"autoEnableOutline\":\"false\",\"autoEnableThumbnail\":\"false\",\"overwritePDFOutline\":\"false\",\"direction\":\"1\",\"pageSize\":\"0\",\"source\":\"http:\\\/\\\/e-bulleten.incilab.az\\\/wp-content\\\/uploads\\\/2023\\\/06\\\/Bullten_May-iyun_.pdf\",\"wpOptions\":\"true\"}; if(window.DFLIP && window.DFLIP.parseBooks){window.DFLIP.parseBooks();}<\/script><div class=\"_df_thumb \" id=\"df_274\"  _slug=\"bullten_mart-aprel\" data-title=\"bullten_mart-aprel\" wpoptions=\"true\" thumb=\"http:\/\/e-bulleten.incilab.az\/wp-content\/uploads\/2023\/03\/e-b.png\" thumbtype=\"\" >Bullten_Mart-Aprel<\/div><script class=\"df-shortcode-script\" nowprocket type=\"application\/javascript\">window.option_df_274 = {\"outline\":[],\"autoEnableOutline\":\"false\",\"autoEnableThumbnail\":\"false\",\"overwritePDFOutline\":\"false\",\"direction\":\"1\",\"pageSize\":\"0\",\"source\":\"http:\\\/\\\/e-bulleten.incilab.az\\\/wp-content\\\/uploads\\\/2023\\\/03\\\/Bullten-Mart-Aprel.pdf\",\"wpOptions\":\"true\"}; if(window.DFLIP && window.DFLIP.parseBooks){window.DFLIP.parseBooks();}<\/script><div class=\"_df_thumb \" id=\"df_260\"  _slug=\"bullten_yanvar_fevral\" data-title=\"bullten_yanvar_fevral\" wpoptions=\"true\" thumb=\"http:\/\/e-bulleten.incilab.az\/wp-content\/uploads\/2023\/02\/Bullten_Yanvar_Fevral-1-1-scaled.jpg\" thumbtype=\"\" >Bullten_Yanvar_Fevral<\/div><script class=\"df-shortcode-script\" nowprocket type=\"application\/javascript\">window.option_df_260 = {\"outline\":[],\"autoEnableOutline\":\"false\",\"autoEnableThumbnail\":\"false\",\"overwritePDFOutline\":\"false\",\"direction\":\"1\",\"pageSize\":\"0\",\"source\":\"http:\\\/\\\/e-bulleten.incilab.az\\\/wp-content\\\/uploads\\\/2023\\\/02\\\/Bullten_Yanvar_Fevral-1.pdf\",\"wpOptions\":\"true\"}; if(window.DFLIP && window.DFLIP.parseBooks){window.DFLIP.parseBooks();}<\/script><div class=\"_df_thumb \" id=\"df_195\"  _slug=\"bullten_noyabr_dekabr\" data-title=\"bullten_noyabr_dekabr\" wpoptions=\"true\" thumb=\"http:\/\/e-bulleten.incilab.az\/wp-content\/uploads\/2022\/11\/Bullten-Noyabr-Dekabr-1-scaled.jpg\" thumbtype=\"\" >Bullten_Noyabr_Dekabr<\/div><script class=\"df-shortcode-script\" nowprocket type=\"application\/javascript\">window.option_df_195 = {\"outline\":[],\"autoEnableOutline\":\"false\",\"autoEnableThumbnail\":\"false\",\"overwritePDFOutline\":\"false\",\"direction\":\"1\",\"pageSize\":\"0\",\"source\":\"http:\\\/\\\/e-bulleten.incilab.az\\\/wp-content\\\/uploads\\\/2022\\\/11\\\/Bullten-Noyabr-Dekabr.pdf\",\"wpOptions\":\"true\"}; if(window.DFLIP && window.DFLIP.parseBooks){window.DFLIP.parseBooks();}<\/script><div class=\"_df_thumb \" id=\"df_160\"  _slug=\"bullten_sentyabr_oktyabr\" data-title=\"bullten_sentyabr_oktyabr\" wpoptions=\"true\" thumb=\"http:\/\/e-bulleten.incilab.az\/wp-content\/uploads\/2022\/10\/Bullten_Sentyabr-1-scaled.jpg\" thumbtype=\"\" >Bullten_Sentyabr_Oktyabr<\/div><script class=\"df-shortcode-script\" nowprocket type=\"application\/javascript\">window.option_df_160 = {\"outline\":[],\"autoEnableOutline\":\"false\",\"autoEnableThumbnail\":\"false\",\"overwritePDFOutline\":\"false\",\"direction\":\"1\",\"pageSize\":\"0\",\"source\":\"http:\\\/\\\/e-bulleten.incilab.az\\\/wp-content\\\/uploads\\\/2022\\\/10\\\/Bullten_Sentyabr.pdf\",\"wpOptions\":\"true\"}; if(window.DFLIP && window.DFLIP.parseBooks){window.DFLIP.parseBooks();}<\/script><div class=\"_df_thumb \" id=\"df_112\"  _slug=\"bullten_avqust\" data-title=\"bullten_avqust\" wpoptions=\"true\" thumb=\"http:\/\/e-bulleten.incilab.az\/wp-content\/uploads\/2022\/08\/Avqust_-1-scaled.jpg\" thumbtype=\"\" >Bullten_Avqust<\/div><script class=\"df-shortcode-script\" nowprocket type=\"application\/javascript\">window.option_df_112 = {\"outline\":[],\"autoEnableOutline\":\"false\",\"autoEnableThumbnail\":\"false\",\"overwritePDFOutline\":\"false\",\"direction\":\"1\",\"pageSize\":\"0\",\"source\":\"http:\\\/\\\/e-bulleten.incilab.az\\\/wp-content\\\/uploads\\\/2022\\\/08\\\/Avgust.pdf\",\"wpOptions\":\"true\"}; if(window.DFLIP && window.DFLIP.parseBooks){window.DFLIP.parseBooks();}<\/script><div class=\"_df_thumb \" id=\"df_47\"  _slug=\"2\" data-title=\"2\" wpoptions=\"true\" thumb=\"http:\/\/e-bulleten.incilab.az\/wp-content\/uploads\/2022\/06\/e-bulleten.jpg\" thumbtype=\"\" >2<\/div><script class=\"df-shortcode-script\" nowprocket type=\"application\/javascript\">window.option_df_47 = {\"outline\":[],\"autoEnableOutline\":\"false\",\"autoEnableThumbnail\":\"false\",\"overwritePDFOutline\":\"false\",\"direction\":\"1\",\"pageSize\":\"0\",\"source\":\"http:\\\/\\\/e-bulleten.incilab.az\\\/wp-content\\\/uploads\\\/2022\\\/06\\\/bulleten.pdf\",\"wpOptions\":\"true\"}; if(window.DFLIP && window.DFLIP.parseBooks){window.DFLIP.parseBooks();}<\/script><\/div>\n","protected":false},"excerpt":{"rendered":"","protected":false},"author":1,"featured_media":0,"parent":0,"menu_order":0,"comment_status":"closed","ping_status":"closed","template":"","meta":{"footnotes":""},"class_list":["post-36","page","type-page","status-publish","hentry","latest_post"],"_links":{"self":[{"href":"https:\/\/e-bulleten.incilab.az\/index.php?rest_route=\/wp\/v2\/pages\/36","targetHints":{"allow":["GET"]}}],"collection":[{"href":"https:\/\/e-bulleten.incilab.az\/index.php?rest_route=\/wp\/v2\/pages"}],"about":[{"href":"https:\/\/e-bulleten.incilab.az\/index.php?rest_route=\/wp\/v2\/types\/page"}],"author":[{"embeddable":true,"href":"https:\/\/e-bulleten.incilab.az\/index.php?rest_route=\/wp\/v2\/users\/1"}],"replies":[{"embeddable":true,"href":"https:\/\/e-bulleten.incilab.az\/index.php?rest_route=%2Fwp%2Fv2%2Fcomments&post=36"}],"version-history":[{"count":1,"href":"https:\/\/e-bulleten.incilab.az\/index.php?rest_route=\/wp\/v2\/pages\/36\/revisions"}],"predecessor-version":[{"id":38,"href":"https:\/\/e-bulleten.incilab.az\/index.php?rest_route=\/wp\/v2\/pages\/36\/revisions\/38"}],"wp:attachment":[{"href":"https:\/\/e-bulleten.incilab.az\/index.php?rest_route=%2Fwp%2Fv2%2Fmedia&parent=36"}],"curies":[{"name":"wp","href":"https:\/\/api.w.org\/{rel}","templated":true}]}}